.
27
Let g be ((-8)/5)/(62/(-99975)). What is the greatest common factor of 60 and g?
60
Let c(j) = -j**3 + 3*j. Let m be c(-3). Let b = 2037 + -2019. Calculate the highest common divisor of m and b.
18
Let o = -126 - -196. Let m = -48 + o. Let h(k) = -k**2 - k + 55. Let q be h(0). What is the highest common divisor of m and q?
11
Let p be 11 + (-18)/(-3)*(-2)/(-4). Suppose -33 = 4*s - 5*w, -6*s - 16 = -3*s - 2*w. Let y be 24 + -1 + s + 0. What is the highest common divisor of y and p?
7
Let r be 16/6*135/20. Let f be (-10)/(-6)*9/3. Let c(a) = a + 1. Let o be c(f). What is the highest common divisor of o and r?
6
Let n be 4/(-9 - (-635)/70). Calculate the highest common factor of 42 and n.
14
Suppose -4*w + 67 = d, -d - 71 - 15 = -5*w. Calculate the greatest common divisor of w and 2.
1
Suppose 1371*t - 1384*t + 1066 = 0. Calculate the highest common divisor of 287 and t.
41
Let r be 100 + 0 + (-4)/2. Let s be 4*-2 - (3 + 0 + -7). Let v be (s/(-5))/(-2 - 72/(-35)). What is the greatest common factor of r and v?
14
Suppose b = -b - 36. Let x be (-6)/54 - 2/b. Suppose 0 = 6*h - x*h - 132. Calculate the highest common divisor of 110 and h.
22
Let j(v) = v**3 + 9*v**2 + 13*v + 4. Let p be j(-6). Suppose 3*w = -q + p, 0 = 4*q + 4*w - 25 - 111. Calculate the greatest common divisor of q and 102.
34
Suppose -27*z + 293 = -112. Suppose g = 2*i + 3*g - 18, 4*g - 21 = -i. Calculate the greatest common divisor of z and i.
5
Suppose -4*q = 5*n + 82 - 206, 3*n - 76 = -4*q. What is the greatest common factor of 168 and n?
24
Let z(m) = -53*m + 2. Let l be z(-2). Let i = 162 - l. What is the highest common divisor of i and 18?
18
Suppose 4 = -2*u + 2*z + 16, 2 = -z. Let f be u + -5 + (2 - -62). Let c be 2 + 10/(-4)*-2. What is the highest common factor of f and c?
7
Suppose 0*p = -x + 4*p - 39, 2*x = 4*p - 70. Let i(m) = -3*m + 5. Let g be i(5). Let t = g - x. Calculate the highest common factor of 3 and t.
3
Let x = -909 - -918. Calculate the highest common factor of x and 882.
9
Let u = -55 + 96. Let w = u - 34. Calculate the greatest common factor of 28 and w.
7
Suppose -56 = 3*t - 5*b - 165, -b - 5 = 0. Calculate the greatest common factor of t and 70.
14
Suppose -2*j + 2*p + 2 = -44, 4*j + 4*p = 76. What is the highest common factor of 4 and j?
1
Let y = -16 - -24. Suppose g - 8 = 4*f, 9*f = -4*g + 10*f + 62. What is the highest common factor of g and y?
8
Let h(k) = 6*k**2 + 31*k - 134. Let f be h(4). Calculate the highest common factor of 473 and f.
43
Let i be (25/(-20))/(2 - (-9)/(-4)). Suppose -493 = -4*v - 61. Suppose 467 + v = i*c. What is the highest common factor of c and 23?
23
Let f = -16 + 22. Let l(y) = y**2 + 8*y + 2. Let x be l(0). Suppose -5*a + 7*a = -3*k + 43, 5*k + x*a = 73. Calculate the highest common divisor of k and f.
3
Let n = 69 - 77. Let l be (-24)/n*52/3. What is the greatest common divisor of l and 4?
4
Suppose -4*b + 0*h + h - 20 = 0, 5*b = -4*h - 4. Let n be 10/2 + (-2 - b). Calculate the greatest common factor of n and 28.
7
Suppose -10*h + 5*h = -45. What is the highest common factor of 36 and h?
9
Let d = 50 - 2. Suppose 3*s + 0*s + 21 = 0. Let z(v) = -v**2 - 7*v + 6. Let l be z(s). Calculate the greatest common divisor of d and l.
6
Let r = 40 - 33. Let u(j) = -j**3 + 6*j**2 + 9*j - 8. Let n be u(r). Let i = 5 + -2. Calculate the highest common divisor of n and i.
3
Let v(f) = -f + 10. Let z be 52/(-8)*2 + 5. Let u be v(z). What is the greatest common divisor of 18 and u?
18
Suppose 687 = 3*p - 3*m - 993, 4*m = -p + 555. Calculate the highest common divisor of p and 13.
13
Suppose 2*x - 738 = -0*x. Let d(a) = -a**3 - 17*a**2 - 67*a - 43. Let v be d(-12). Calculate the greatest common factor of v and x.
41
Let v(r) = 3*r**3 - r**2 + 19*r - 43. Let k be v(2). What is the highest common divisor of 75 and k?
15
Suppose 7 = 4*n - 101. Let c = 50 - n. Let d be c + -7 - (-1 - -3). What is the highest common factor of 14 and d?
14
Suppose -3*q = 235 - 763. Suppose -6*c + q = -2*c. Calculate the highest common divisor of c and 11.
11
Let a = 632 - 626. Let u = -107 - -235. Let j = u - 80. What is the highest common divisor of j and a?
6
Suppose d + 4*a - 10 = 0, d + 14*a - 1 = 19*a. What is the highest common divisor of d and 3?
3
Suppose -17*k - 14 = -31*k. Let r be ((-135)/(-60))/(k/128). Calculate the greatest common divisor of r and 32.
32
Let f = -4 - -8. Let m(s) = -3 + 4*s - 4 + 3. Let r be m(f). Calculate the highest common divisor of r and 3.
3
Suppose -12 = -2*u - 108. Suppose 9*p - 832 = 230. Let b = p + u. What is the highest common divisor of 14 and b?
14
Let w be (-24)/(-21)*1/2*7. Calculate the greatest common divisor of w and 8.
4
Suppose 0 = -46*q + 38*q + 320. What is the greatest common factor of q and 128?
8
Suppose -715 = -4*q - 7*q. What is the greatest common factor of q and 25?
5
Suppose 0 = 10*g - 5*g - 660. Suppose 0 = 3*a + 2*a - 60. What is the highest common factor of g and a?
12
Let y be 10/(-1)*((-102)/4 - -5). Calculate the highest common factor of 15 and y.
5
Let x(i) = i**3 - 27*i**2 - 48*i + 65. Let g be x(29). Calculate the greatest common divisor of 142 and g.
71
Let j(t) = 34*t + 1. Let q(d) = -33*d - 2. Let m(u) = 3*j(u) + 2*q(u). Let o be m(1). What is the highest common factor of o and 10?
5
Suppose -12 = -14*s + 11*s. Suppose s*z - 29 = 59. Let d = z - -18. What is the greatest common divisor of d and 10?
10
Suppose 0 = 10*i - 2*i. Suppose -8*c + 171 - 51 = i. What is the highest common divisor of c and 45?
15
Let z be ((-6)/5)/(45/(-4800)). Suppose 4*a = -4*p + z, 0*a - 88 = -3*p + a. Let b = 69 - 63. Calculate the highest common factor of b and p.
6
Let r(w) = -75*w + 19. Let m be r(-2). What is the greatest common divisor of 65 and m?
13
Let x(m) be the second derivative of m**4/12 - 3*m**2 + 5*m. Let h be x(5). What is the greatest common factor of h and 95?
19
Suppose 0*q + 2*q - 2*b - 6 = 0, -4*q + b + 3 = 0. Let p = 10 + -2. Suppose -3*n + 7*n - p = q. Calculate the highest common divisor of 6 and n.
2
Let w be (-14 + (-300)/(-12))*7*1. Calculate the highest common factor of 224 and w.
7
Suppose -j = -z + 38, -5*z + 2*j - 4*j + 169 = 0. Suppose -13 - 12 = -5*d. What is the greatest common factor of d and z?
5
Let k be 2 + (-7)/(35/(-15)). Suppose -k*u = -w + 13, -3*w + 3*u + 19 = 8*u. Calculate the highest common factor of 2 and w.
2
Let s be (-1608)/(-30) - (-6)/15. What is the highest common factor of s and 186?
6
Suppose 4*g - n = 942 + 316, 3*n = -g + 321. Calculate the highest common factor of 35 and g.
35
Let f(o) = -o**2 + 7*o + 8. Let k be f(8). Let u = 6 + k. Calculate the highest common factor of 66 and u.
6
Let x be (-641)/(-9) - (-36)/(-162). Let n = -31 + x. Calculate the highest common divisor of 320 and n.
40
Let s(t) = -4*t**3 - t**2 - 12*t - 16. Let k be s(-3). Calculate the greatest common factor of 21 and k.
7
Let c = -5 + 9. Suppose 140 = c*i - 5*h, i - 18 - 17 = 3*h. Let r be (i - 0)*(-2)/(-5). What is the highest common factor of 42 and r?
14
Let j = 61 - 16. Let l = 5 + 5. Let d be 2/l + 81/j. Calculate the greatest common factor of 4 and d.
2
Let r be 52/(-2)*(-5)/10. What is the highest common divisor of r and 3328?
13
Suppose -i - 18 = -2*t - 3*i, -i + 5 = 0. Suppose -f - t*f + 450 = 0. Let b = f + -20. What is the greatest common divisor of 10 and b?
10
Suppose 17 = 4*k - 103. Let u(n) = n**2 + 4*n - 21. Let g be u(8). Calculate the greatest common divisor of k and g.
15
Let q(f) = f. Let v be q(3). Let k(n) = -3*n + 93. Let b be k(26). Calculate the greatest common factor of v and b.
3
Let v(d) = 5*d**3 + 2*d - 1. Let m be v(1). Suppose -20 = -5*i, 6 = 2*p - 5*i + 18. Calculate the highest common divisor of m and p.
2
Let f(v) be the third derivative of 5*v**4/12 + 11*v**3/6 - 8*v**2. Let i be f(10). What is the highest common factor of i and 37?
37
Let z = -14 + 30. Suppose -14*j + 16*j = u, -3*u - 4*j = -40. What is the highest common factor of z and u?
8
Suppose 13*k + 12 = 9*k. Let f be ((-154)/(-35))/((6/(-10))/k). Suppose 0 = -j - 3*j + 220. What is the highest common factor of f and j?
11
Suppose 4*v - 20 = 0, -7 + 2 = -5*b - v. Suppose 10*o - 11 - 19 = b. Calculate the highest common divisor of 21 and o.
3
Let u = -40 - -118. What is the 